{"id":11349,"date":"2026-01-05T12:58:22","date_gmt":"2026-01-05T12:58:22","guid":{"rendered":"https:\/\/eunz.de\/?page_id=11349"},"modified":"2026-01-30T12:09:08","modified_gmt":"2026-01-30T11:09:08","slug":"corps-a-la-suite","status":"publish","type":"page","link":"https:\/\/eunz.de\/?page_id=11349","title":{"rendered":"Corps \u00e0 la Suite"},"content":{"rendered":"\t\t<div data-elementor-type=\"wp-page\" data-elementor-id=\"11349\" class=\"elementor elementor-11349\">\n\t\t\t\t<div class=\"elementor-element elementor-element-abd2bb7 e-flex e-con-boxed e-con e-parent\" data-id=\"abd2bb7\" data-element_type=\"container\" data-e-type=\"container\">\n\t\t\t\t\t<div class=\"e-con-inner\">\n\t\t<div data-ekitparallax=\"{&quot;ekit_section_parallax_bg&quot;:&quot;yes&quot;,&quot;ekit_section_parallax_bg_speed&quot;:0.5,&quot;elementor_lazy_load&quot;:&quot;1&quot;}\" class=\"elementor-element elementor-element-7ee3677 e-flex e-con-boxed e-con e-child\" data-id=\"7ee3677\" data-element_type=\"container\" data-e-type=\"container\" data-settings=\"{&quot;background_background&quot;:&quot;classic&quot;}\">\n\t\t\t\t\t<div class=\"e-con-inner\">\n\t\t<div class=\"elementor-element elementor-element-35479dc e-con-full e-flex e-con e-child\" data-id=\"35479dc\" data-element_type=\"container\" data-e-type=\"container\">\n\t\t\t\t<div class=\"elementor-element elementor-element-4bb51a0 at-heading-animation at-animation-heading-style-3 elementor-widget elementor-widget-heading\" data-id=\"4bb51a0\" data-element_type=\"widget\" data-e-type=\"widget\" data-settings=\"{&quot;ekit_we_effect_on&quot;:&quot;none&quot;}\" data-widget_type=\"heading.default\">\n\t\t\t\t\t<h1 class=\"elementor-heading-title elementor-size-default\">Corp \u00e0 la Suite<\/h1>\t\t\t\t<\/div>\n\t\t\t\t<\/div>\n\t\t\t\t\t<\/div>\n\t\t\t\t<\/div>\n\t\t\t\t\t<\/div>\n\t\t\t\t<\/div>\n\t\t<div class=\"elementor-element elementor-element-37e9199 e-flex e-con-boxed e-con e-parent\" data-id=\"37e9199\" data-element_type=\"container\" data-e-type=\"container\">\n\t\t\t\t\t<div class=\"e-con-inner\">\n\t\t<div class=\"elementor-element elementor-element-ef35132 e-flex e-con-boxed e-con e-child\" data-id=\"ef35132\" data-element_type=\"container\" data-e-type=\"container\" data-settings=\"{&quot;background_background&quot;:&quot;classic&quot;}\">\n\t\t\t\t\t<div class=\"e-con-inner\">\n\t\t<div class=\"elementor-element elementor-element-edccbe6 e-con-full e-flex e-con e-child\" data-id=\"edccbe6\" data-element_type=\"container\" data-e-type=\"container\">\n\t\t\t\t<div class=\"elementor-element elementor-element-6f138b4 at-heading-animation at-animation-heading-style-3 elementor-widget elementor-widget-heading\" data-id=\"6f138b4\" data-element_type=\"widget\" data-e-type=\"widget\" data-settings=\"{&quot;ekit_we_effect_on&quot;:&quot;none&quot;}\" data-widget_type=\"heading.default\">\n\t\t\t\t\t<h2 class=\"elementor-heading-title elementor-size-default\">Corps \u00e0 la Suite<\/h2>\t\t\t\t<\/div>\n\t\t\t\t<div class=\"elementor-element elementor-element-39afb6e elementor-invisible elementor-widget elementor-widget-text-editor\" data-id=\"39afb6e\" data-element_type=\"widget\" data-e-type=\"widget\" data-settings=\"{&quot;_animation&quot;:&quot;fadeInUp&quot;,&quot;_animation_delay&quot;:100,&quot;ekit_we_effect_on&quot;:&quot;none&quot;}\" data-widget_type=\"text-editor.default\">\n\t\t\t\t\t\t\t\t\t<div class=\"section-title\"><p>Am 31. Oktober 2007 wurde das Corps \u00e0 la Suite, abgek\u00fcrzt C\u00e0ls, innerhalb der Euskirchener Narrenzunft gegr\u00fcndet. Von der Wortbedeutung her (Corps an seiner Seite) steht die neue Formation an der Seite des Vorstandes\/Pr\u00e4sidenten. Optisch auch an der M\u00fctze erkennbar, Einstickung C\u00e0ls, bildet es ideell und materiell das R\u00fcckrat des Vereins. Das Corps ist ein effizienter Kreis, der neuen Dingen offen, aber trotzdem dem Sinne \/ der Tradition zur Seite steht.<\/p><p>Diese f\u00fcr den Euskirchener Karneval neue Formation soll dynamisch und richtungsweisend innerhalb der Narrenzunft t\u00e4tig werden, und somit eine Bereicherung f\u00fcr den gesamten Euskirchener Karneval sein.<\/p><p>Ziel dieser Gruppierung ist es seitdem, das aktive Corps in jeder Hinsicht zu unterst\u00fctzen. Das Corps \u00e0 la Suite ist absolut eigenst\u00e4ndig und nur dem Pr\u00e4sidium verpfichtet.<\/p><p>Seit der Gr\u00fcndung dieser Gruppierung steht Gerd Vallendar dem Corps \u00e0 la Suite vor. Sein pers\u00f6nliches Ziel ist es, Kameradschaft und Freude zu vermitteln, der Euskirchener Narrenzunft und dort vor allem dem Aktiven Corps, helfend zur Seite zu stehen.<\/p><\/div>\t\t\t\t\t\t\t\t<\/div>\n\t\t<div class=\"elementor-element elementor-element-afb917f e-con-full e-flex e-con e-child\" data-id=\"afb917f\" data-element_type=\"container\" data-e-type=\"container\">\n\t\t<div class=\"elementor-element elementor-element-b12ab64 e-con-full e-flex elementor-invisible e-con e-child\" data-id=\"b12ab64\" data-element_type=\"container\" data-e-type=\"container\" data-settings=\"{&quot;animation&quot;:&quot;fadeInUp&quot;}\">\n\t\t\t\t<div class=\"elementor-element elementor-element-9420531 ekit-equal-height-disable elementor-widget elementor-widget-elementskit-icon-box\" data-id=\"9420531\" data-element_type=\"widget\" data-e-type=\"widget\" data-settings=\"{&quot;ekit_we_effect_on&quot;:&quot;none&quot;}\" data-widget_type=\"elementskit-icon-box.default\">\n\t\t\t\t\t<div class=\"ekit-wid-con\" >        <!-- link opening -->\n                <!-- end link opening -->\n\n        <div class=\"elementskit-infobox text-left text-left icon-lef-right-aligin elementor-animation- media  \">\n                    <div class=\"elementskit-box-header elementor-animation-\">\n                <div class=\"elementskit-info-box-icon  text-center\">\n                    \n                <\/div>\n          <\/div>\n                        <div class=\"box-body\">\n                            <h3 class=\"elementskit-info-box-title\">\n                    Unsere Mitglieder                <\/h3>\n                                            <\/div>\n        \n        \n                <\/div>\n        <\/div>\t\t\t\t<\/div>\n\t\t\t\t<div class=\"elementor-element elementor-element-582162f elementor-widget elementor-widget-text-editor\" data-id=\"582162f\" data-element_type=\"widget\" data-e-type=\"widget\" data-settings=\"{&quot;ekit_we_effect_on&quot;:&quot;none&quot;}\" data-widget_type=\"text-editor.default\">\n\t\t\t\t\t\t\t\t\t<p>Ackermann, Heinz Peter<br \/>Barth, Peter<br \/>Flucht, Armin<br \/>Hannewald, Oliver<br \/>v. Laak, Joachim<br \/>Marx, Volker<br \/>Rendenbach, Thomas<br \/>Vallendar, Gerd \u2013 Chef von C\u00e1ls (Corps \u00e1 la Suite)<br \/>Virnich, Rainer \u2013 Vize Chef C\u00e1ls<\/p>\t\t\t\t\t\t\t\t<\/div>\n\t\t\t\t<\/div>\n\t\t\t\t<\/div>\n\t\t\t\t<\/div>\n\t\t\t\t\t<\/div>\n\t\t\t\t<\/div>\n\t\t<div class=\"elementor-element elementor-element-69fc023 e-con-full e-flex e-con e-child\" data-id=\"69fc023\" data-element_type=\"container\" data-e-type=\"container\">\n\t\t\t\t<\/div>\n\t\t\t\t\t<\/div>\n\t\t\t\t<\/div>\n\t\t\t\t<\/div>\n\t\t","protected":false},"excerpt":{"rendered":"<p>Corp \u00e0 la Suite Corps \u00e0 la Suite Am 31. Oktober 2007 [&hellip;]<\/p>\n","protected":false},"author":1,"featured_media":0,"parent":2023,"menu_order":0,"comment_status":"closed","ping_status":"closed","template":"elementor_header_footer","meta":{"footnotes":""},"class_list":["post-11349","page","type-page","status-publish","hentry"],"_links":{"self":[{"href":"https:\/\/eunz.de\/index.php?rest_route=\/wp\/v2\/pages\/11349","targetHints":{"allow":["GET"]}}],"collection":[{"href":"https:\/\/eunz.de\/index.php?rest_route=\/wp\/v2\/pages"}],"about":[{"href":"https:\/\/eunz.de\/index.php?rest_route=\/wp\/v2\/types\/page"}],"author":[{"embeddable":true,"href":"https:\/\/eunz.de\/index.php?rest_route=\/wp\/v2\/users\/1"}],"replies":[{"embeddable":true,"href":"https:\/\/eunz.de\/index.php?rest_route=%2Fwp%2Fv2%2Fcomments&post=11349"}],"version-history":[{"count":13,"href":"https:\/\/eunz.de\/index.php?rest_route=\/wp\/v2\/pages\/11349\/revisions"}],"predecessor-version":[{"id":12469,"href":"https:\/\/eunz.de\/index.php?rest_route=\/wp\/v2\/pages\/11349\/revisions\/12469"}],"up":[{"embeddable":true,"href":"https:\/\/eunz.de\/index.php?rest_route=\/wp\/v2\/pages\/2023"}],"wp:attachment":[{"href":"https:\/\/eunz.de\/index.php?rest_route=%2Fwp%2Fv2%2Fmedia&parent=11349"}],"curies":[{"name":"wp","href":"https:\/\/api.w.org\/{rel}","templated":true}]}}

Corps à la Suite

<div data-elementor-type="wp-page" data-elementor-id="11349" class="elementor elementor-11349">
				<div class="elementor-element elementor-element-abd2bb7 e-flex e-con-boxed e-con e-parent" data-id="abd2bb7" data-element_type="container" data-e-type="container">
					<div class="e-con-inner">
		<div data-ekitparallax="{&quot;ekit_section_parallax_bg&quot;:&quot;yes&quot;,&quot;ekit_section_parallax_bg_speed&quot;:0.5,&quot;elementor_lazy_load&quot;:&quot;1&quot;}" class="elementor-element elementor-element-7ee3677 e-flex e-con-boxed e-con e-child" data-id="7ee3677" data-element_type="container" data-e-type="container" data-settings="{&quot;background_background&quot;:&quot;classic&quot;}">
					<div class="e-con-inner">
		<div class="elementor-element elementor-element-35479dc e-con-full e-flex e-con e-child" data-id="35479dc" data-element_type="container" data-e-type="container">
				<div class="elementor-element elementor-element-4bb51a0 at-heading-animation at-animation-heading-style-3 elementor-widget elementor-widget-heading" data-id="4bb51a0" data-element_type="widget" data-e-type="widget" data-settings="{&quot;ekit_we_effect_on&quot;:&quot;none&quot;}" data-widget_type="heading.default">
					<h1 class="elementor-heading-title elementor-size-default">Corp à la Suite</h1>				</div>
				</div>
					</div>
				</div>
					</div>
				</div>
		<div class="elementor-element elementor-element-37e9199 e-flex e-con-boxed e-con e-parent" data-id="37e9199" data-element_type="container" data-e-type="container">
					<div class="e-con-inner">
		<div class="elementor-element elementor-element-ef35132 e-flex e-con-boxed e-con e-child" data-id="ef35132" data-element_type="container" data-e-type="container" data-settings="{&quot;background_background&quot;:&quot;classic&quot;}">
					<div class="e-con-inner">
		<div class="elementor-element elementor-element-edccbe6 e-con-full e-flex e-con e-child" data-id="edccbe6" data-element_type="container" data-e-type="container">
				<div class="elementor-element elementor-element-6f138b4 at-heading-animation at-animation-heading-style-3 elementor-widget elementor-widget-heading" data-id="6f138b4" data-element_type="widget" data-e-type="widget" data-settings="{&quot;ekit_we_effect_on&quot;:&quot;none&quot;}" data-widget_type="heading.default">
					<h2 class="elementor-heading-title elementor-size-default">Corps à la Suite</h2>				</div>
				<div class="elementor-element elementor-element-39afb6e elementor-invisible elementor-widget elementor-widget-text-editor" data-id="39afb6e" data-element_type="widget" data-e-type="widget" data-settings="{&quot;_animation&quot;:&quot;fadeInUp&quot;,&quot;_animation_delay&quot;:100,&quot;ekit_we_effect_on&quot;:&quot;none&quot;}" data-widget_type="text-editor.default">
									<div class="section-title"><p>Am 31. Oktober 2007 wurde das Corps à la Suite, abgekürzt Càls, innerhalb der Euskirchener Narrenzunft gegründet. Von der Wortbedeutung her (Corps an seiner Seite) steht die neue Formation an der Seite des Vorstandes/Präsidenten. Optisch auch an der Mütze erkennbar, Einstickung Càls, bildet es ideell und materiell das Rückrat des Vereins. Das Corps ist ein effizienter Kreis, der neuen Dingen offen, aber trotzdem dem Sinne / der Tradition zur Seite steht.</p><p>Diese für den Euskirchener Karneval neue Formation soll dynamisch und richtungsweisend innerhalb der Narrenzunft tätig werden, und somit eine Bereicherung für den gesamten Euskirchener Karneval sein.</p><p>Ziel dieser Gruppierung ist es seitdem, das aktive Corps in jeder Hinsicht zu unterstützen. Das Corps à la Suite ist absolut eigenständig und nur dem Präsidium verpfichtet.</p><p>Seit der Gründung dieser Gruppierung steht Gerd Vallendar dem Corps à la Suite vor. Sein persönliches Ziel ist es, Kameradschaft und Freude zu vermitteln, der Euskirchener Narrenzunft und dort vor allem dem Aktiven Corps, helfend zur Seite zu stehen.</p></div>								</div>
		<div class="elementor-element elementor-element-afb917f e-con-full e-flex e-con e-child" data-id="afb917f" data-element_type="container" data-e-type="container">
		<div class="elementor-element elementor-element-b12ab64 e-con-full e-flex elementor-invisible e-con e-child" data-id="b12ab64" data-element_type="container" data-e-type="container" data-settings="{&quot;animation&quot;:&quot;fadeInUp&quot;}">
				<div class="elementor-element elementor-element-9420531 ekit-equal-height-disable elementor-widget elementor-widget-elementskit-icon-box" data-id="9420531" data-element_type="widget" data-e-type="widget" data-settings="{&quot;ekit_we_effect_on&quot;:&quot;none&quot;}" data-widget_type="elementskit-icon-box.default">
					<div class="ekit-wid-con" >        <!-- link opening -->
                <!-- end link opening -->

        <div class="elementskit-infobox text-left text-left icon-lef-right-aligin elementor-animation- media  ">
                    <div class="elementskit-box-header elementor-animation-">
                <div class="elementskit-info-box-icon  text-center">
                    
                </div>
          </div>
                        <div class="box-body">
                            <h3 class="elementskit-info-box-title">
                    Unsere Mitglieder                </h3>
                                            </div>
        
        
                </div>
        </div>				</div>
				<div class="elementor-element elementor-element-582162f elementor-widget elementor-widget-text-editor" data-id="582162f" data-element_type="widget" data-e-type="widget" data-settings="{&quot;ekit_we_effect_on&quot;:&quot;none&quot;}" data-widget_type="text-editor.default">
									<p>Ackermann, Heinz Peter<br />Barth, Peter<br />Flucht, Armin<br />Hannewald, Oliver<br />v. Laak, Joachim<br />Marx, Volker<br />Rendenbach, Thomas<br />Vallendar, Gerd – Chef von Cáls (Corps á la Suite)<br />Virnich, Rainer – Vize Chef Cáls</p>								</div>
				</div>
				</div>
				</div>
					</div>
				</div>
		<div class="elementor-element elementor-element-69fc023 e-con-full e-flex e-con e-child" data-id="69fc023" data-element_type="container" data-e-type="container">
				</div>
					</div>
				</div>
				</div>

<p>Corp à la Suite Corps à la Suite Am 31. Oktober 2007 [&hellip;]</p>
