{"id":11366,"date":"2026-01-05T13:03:18","date_gmt":"2026-01-05T13:03:18","guid":{"rendered":"https:\/\/eunz.de\/?page_id=11366"},"modified":"2026-02-03T11:59:14","modified_gmt":"2026-02-03T10:59:14","slug":"senat","status":"publish","type":"page","link":"https:\/\/eunz.de\/?page_id=11366","title":{"rendered":"Senat"},"content":{"rendered":"\t\t<div data-elementor-type=\"wp-page\" data-elementor-id=\"11366\" class=\"elementor elementor-11366\">\n\t\t\t\t<div class=\"elementor-element elementor-element-abd2bb7 e-flex e-con-boxed e-con e-parent\" data-id=\"abd2bb7\" data-element_type=\"container\" data-e-type=\"container\">\n\t\t\t\t\t<div class=\"e-con-inner\">\n\t\t<div data-ekitparallax=\"{&quot;ekit_section_parallax_bg&quot;:&quot;yes&quot;,&quot;ekit_section_parallax_bg_speed&quot;:0.5,&quot;elementor_lazy_load&quot;:&quot;1&quot;}\" class=\"elementor-element elementor-element-7ee3677 e-flex e-con-boxed e-con e-child\" data-id=\"7ee3677\" data-element_type=\"container\" data-e-type=\"container\" data-settings=\"{&quot;background_background&quot;:&quot;classic&quot;}\">\n\t\t\t\t\t<div class=\"e-con-inner\">\n\t\t<div class=\"elementor-element elementor-element-35479dc e-con-full e-flex e-con e-child\" data-id=\"35479dc\" data-element_type=\"container\" data-e-type=\"container\">\n\t\t\t\t<div class=\"elementor-element elementor-element-4bb51a0 at-heading-animation at-animation-heading-style-3 elementor-widget elementor-widget-heading\" data-id=\"4bb51a0\" data-element_type=\"widget\" data-e-type=\"widget\" data-settings=\"{&quot;ekit_we_effect_on&quot;:&quot;none&quot;}\" data-widget_type=\"heading.default\">\n\t\t\t\t\t<h1 class=\"elementor-heading-title elementor-size-default\">Senat<\/h1>\t\t\t\t<\/div>\n\t\t\t\t<\/div>\n\t\t\t\t\t<\/div>\n\t\t\t\t<\/div>\n\t\t\t\t\t<\/div>\n\t\t\t\t<\/div>\n\t\t<div class=\"elementor-element elementor-element-37e9199 e-flex e-con-boxed e-con e-parent\" data-id=\"37e9199\" data-element_type=\"container\" data-e-type=\"container\">\n\t\t\t\t\t<div class=\"e-con-inner\">\n\t\t<div class=\"elementor-element elementor-element-ef35132 e-flex e-con-boxed e-con e-child\" data-id=\"ef35132\" data-element_type=\"container\" data-e-type=\"container\" data-settings=\"{&quot;background_background&quot;:&quot;classic&quot;}\">\n\t\t\t\t\t<div class=\"e-con-inner\">\n\t\t<div class=\"elementor-element elementor-element-edccbe6 e-con-full e-flex e-con e-child\" data-id=\"edccbe6\" data-element_type=\"container\" data-e-type=\"container\">\n\t\t\t\t<div class=\"elementor-element elementor-element-6f138b4 at-heading-animation at-animation-heading-style-3 elementor-widget elementor-widget-heading\" data-id=\"6f138b4\" data-element_type=\"widget\" data-e-type=\"widget\" data-settings=\"{&quot;ekit_we_effect_on&quot;:&quot;none&quot;}\" data-widget_type=\"heading.default\">\n\t\t\t\t\t<h2 class=\"elementor-heading-title elementor-size-default\">Senat<\/h2>\t\t\t\t<\/div>\n\t\t\t\t<div class=\"elementor-element elementor-element-39afb6e elementor-invisible elementor-widget elementor-widget-text-editor\" data-id=\"39afb6e\" data-element_type=\"widget\" data-e-type=\"widget\" data-settings=\"{&quot;_animation&quot;:&quot;fadeInUp&quot;,&quot;_animation_delay&quot;:100,&quot;ekit_we_effect_on&quot;:&quot;none&quot;}\" data-widget_type=\"text-editor.default\">\n\t\t\t\t\t\t\t\t\t<div class=\"section-title\"><p>Der Senat ist heute eine stabile Gr\u00f6\u00dfe im Gef\u00fcge der Euskirchener Narrenzunft. 1969 gegr\u00fcndet z\u00e4hlt der Senat derzeit 45 Mitglieder, langj\u00e4hrige und verdienstvolle Mitglieder der ENZ, wie auch erlesene B\u00fcrger und Pers\u00f6nlichkeiten der Stadt Euskirchen.<\/p><p>Gr\u00fcndungspr\u00e4sident war Ferdi Wichterich. Ihm folgten weitere 8 Pr\u00e4sidenten. In der Senatsversammlung am 14.6.2022 wurde von den anwesenden Senatoren, Peter Schumacher zum Senatspr\u00e4sident gew\u00e4hlt.<\/p><p>Zu seiner Hauptaufgabe z\u00e4hlt der Senat die Repr\u00e4sentation der Gesellschaft bei vielerlei karnevalistischen und auch nicht karnevalistischen Veranstaltungen und Aktionen. Highlights einer Session sind der Senatsempfang und die Teilnahme am Rosenmontagszug. Seit Rosenmontag 2008 kann der Senat mit einem neuen repr\u00e4sentativen Festwagen aufwarten:<br \/>13 m lang (ohne Zugmaschine) und 4 m hoch ist die symbolisierte \u201eBurg Narreneck\u201c eines der absoluten Highlights des Euskirchener Rosenmontagszuges.<\/p><p>Zur Ausstattung der Formationen wird im Rahmen der M\u00f6glichkeiten von Zeit zu Zeit auch eine finanzielle Unterst\u00fctzung durch den Senat gew\u00e4hrt. Eine der edelsten Aufgaben des Senats.<\/p><p>Die Geselligkeit innerhalb des Senats kommt allerdings nicht zu kurz. Regelm\u00e4\u00dfig an jedem zweiten Freitag eines Monats treffen sich die Senatoren zum Gedankenaustausch am Stammtisch im Standquartier \u201edie Waage\u201c. Seit 2007 gibt des den Stammtisch auch \u201e\u2026 einmal anders\u201c : Mit Besichtigungen, Museumsbesuchen, Vortr\u00e4gen zu interessanten Themen und der einen oder anderen \u201esportlich angehauchten\u201c Veranstaltung \u2013 \u00fcber das Jahr verstreut \u2013 sollen auch andere Akzente gesetzt werden.<\/p><p>Veranstaltungen sind. das festliche Weihnachtsessen zu Beginn der Adventszeit, bei dem der Nikolaus von manchem l\u00f6blichen oder auch, allerdings weniger, tadeligem Verhalten der Senatoren zu berichten wei\u00df.<\/p><\/div>\t\t\t\t\t\t\t\t<\/div>\n\t\t<div class=\"elementor-element elementor-element-afb917f e-con-full e-flex e-con e-child\" data-id=\"afb917f\" data-element_type=\"container\" data-e-type=\"container\">\n\t\t<div class=\"elementor-element elementor-element-b12ab64 e-con-full e-flex elementor-invisible e-con e-child\" data-id=\"b12ab64\" data-element_type=\"container\" data-e-type=\"container\" data-settings=\"{&quot;animation&quot;:&quot;fadeInUp&quot;}\">\n\t\t\t\t<div class=\"elementor-element elementor-element-9420531 ekit-equal-height-disable elementor-widget elementor-widget-elementskit-icon-box\" data-id=\"9420531\" data-element_type=\"widget\" data-e-type=\"widget\" data-settings=\"{&quot;ekit_we_effect_on&quot;:&quot;none&quot;}\" data-widget_type=\"elementskit-icon-box.default\">\n\t\t\t\t\t<div class=\"ekit-wid-con\" >        <!-- link opening -->\n                <!-- end link opening -->\n\n        <div class=\"elementskit-infobox text-left text-left icon-lef-right-aligin elementor-animation- media  \">\n                    <div class=\"elementskit-box-header elementor-animation-\">\n                <div class=\"elementskit-info-box-icon  text-center\">\n                    \n                <\/div>\n          <\/div>\n                        <div class=\"box-body\">\n                            <h3 class=\"elementskit-info-box-title\">\n                    Unsere Mitglieder                <\/h3>\n                                            <\/div>\n        \n        \n                <\/div>\n        <\/div>\t\t\t\t<\/div>\n\t\t\t\t<div class=\"elementor-element elementor-element-582162f elementor-widget__width-initial elementor-widget elementor-widget-text-editor\" data-id=\"582162f\" data-element_type=\"widget\" data-e-type=\"widget\" data-settings=\"{&quot;ekit_we_effect_on&quot;:&quot;none&quot;}\" data-widget_type=\"text-editor.default\">\n\t\t\t\t\t\t\t\t\t<p>Heinz-Peter Ackermann<br \/>Peter Barth<br \/>Wilfried Bartscherer<br \/>Dennis Beier<br \/>Horst-Peter Belter<br \/>Josef Blankenheim<br \/>Goerg Bonnet<br \/>Detlef Carl<br \/>Bert Deuster<br \/>Uwe D\u00f6meland<br \/>Manfred Ebert<br \/>Dirk Engelhard<br \/>Armin Flucht<br \/>Karl-Heinz Habeth<br \/>Hand-Josef Hack<br \/>Reiner Hahn<br \/>Rainer Jahn<br \/>Ernst Jonas<br \/>Johannes Jonas<br \/>Joachim J\u00f6rg<br \/>Peter Kl\u00fctsch<br \/>Kurt Kroppen<br \/>Joachim van Laak<br \/>Volker Marx<br \/>Morris Megger<br \/>Michael Neugebauer<br \/>Klaus Rendenbach<br \/>Thomas Rendenbach<br \/>Walter R\u00fcth<br \/>Josef Schleser<br \/>Guido Schmitt<br \/>Hans-Erhard Schneider<br \/>Hans-Josef Schneider<br \/>Peter Schumacher<br \/>Dennis Stephan<br \/>G\u00fcnter Stolz<br \/>Rainer Virnich<br \/>Peter Weise<br \/>Antonius Wichterich<br \/>Heinrich Wolter<br \/>Paul Z\u00fcndorf<\/p>\t\t\t\t\t\t\t\t<\/div>\n\t\t\t\t<\/div>\n\t\t<div class=\"elementor-element elementor-element-4bdaad0 e-con-full e-flex elementor-invisible e-con e-child\" data-id=\"4bdaad0\" data-element_type=\"container\" data-e-type=\"container\" data-settings=\"{&quot;animation&quot;:&quot;fadeInUp&quot;,&quot;animation_delay&quot;:100}\">\n\t\t\t\t<div class=\"elementor-element elementor-element-6b5abaf ekit-equal-height-disable elementor-widget elementor-widget-elementskit-icon-box\" data-id=\"6b5abaf\" data-element_type=\"widget\" data-e-type=\"widget\" data-settings=\"{&quot;ekit_we_effect_on&quot;:&quot;none&quot;}\" data-widget_type=\"elementskit-icon-box.default\">\n\t\t\t\t\t<div class=\"ekit-wid-con\" >        <!-- link opening -->\n                <!-- end link opening -->\n\n        <div class=\"elementskit-infobox text-left text-left icon-lef-right-aligin elementor-animation- media  \">\n                    <div class=\"elementskit-box-header elementor-animation-\">\n                <div class=\"elementskit-info-box-icon  text-center\">\n                    \n                <\/div>\n          <\/div>\n                        <div class=\"box-body\">\n                            <h3 class=\"elementskit-info-box-title\">\n                    Senatsschie\u00dfen                <\/h3>\n                                            <\/div>\n        \n        \n                <\/div>\n        <\/div>\t\t\t\t<\/div>\n\t\t\t\t<div class=\"elementor-element elementor-element-d743bfe elementor-widget elementor-widget-text-editor\" data-id=\"d743bfe\" data-element_type=\"widget\" data-e-type=\"widget\" data-settings=\"{&quot;ekit_we_effect_on&quot;:&quot;none&quot;}\" data-widget_type=\"text-editor.default\">\n\t\t\t\t\t\t\t\t\t<p>Die bisherigen Sch\u00fctzenk\u00f6nige waren:<\/p><p>2010 &#8211; Hans Jonas<\/p><p>2011 &#8211; Bert Deuster<\/p><p>2012 &#8211; Thomas Rendenbach<\/p><p>2013 &#8211; Reiner Hahn<\/p><p>2014 &#8211; Michael Neugebauer<\/p><p>2015 &#8211; Hans Erhard Schneider<\/p><p>2016 &#8211; Hans Jonas<\/p><p>2017 &#8211; Markus Flick<\/p>\t\t\t\t\t\t\t\t<\/div>\n\t\t\t\t<\/div>\n\t\t<div class=\"elementor-element elementor-element-635e848 e-con-full e-flex elementor-invisible e-con e-child\" data-id=\"635e848\" data-element_type=\"container\" data-e-type=\"container\" data-settings=\"{&quot;animation&quot;:&quot;fadeInUp&quot;}\">\n\t\t\t\t<div class=\"elementor-element elementor-element-2f2013c ekit-equal-height-disable elementor-widget elementor-widget-elementskit-icon-box\" data-id=\"2f2013c\" data-element_type=\"widget\" data-e-type=\"widget\" data-settings=\"{&quot;ekit_we_effect_on&quot;:&quot;none&quot;}\" data-widget_type=\"elementskit-icon-box.default\">\n\t\t\t\t\t<div class=\"ekit-wid-con\" >        <!-- link opening -->\n                <!-- end link opening -->\n\n        <div class=\"elementskit-infobox text-left text-left icon-lef-right-aligin elementor-animation- media  \">\n                    <div class=\"elementskit-box-header elementor-animation-\">\n                <div class=\"elementskit-info-box-icon  text-center\">\n                    \n                <\/div>\n          <\/div>\n                        <div class=\"box-body\">\n                            <h3 class=\"elementskit-info-box-title\">\n                    Unsere verstorbenen Mitglieder                <\/h3>\n                                            <\/div>\n        \n        \n                <\/div>\n        <\/div>\t\t\t\t<\/div>\n\t\t\t\t<div class=\"elementor-element elementor-element-ebc3163 elementor-widget__width-initial elementor-widget elementor-widget-text-editor\" data-id=\"ebc3163\" data-element_type=\"widget\" data-e-type=\"widget\" data-settings=\"{&quot;ekit_we_effect_on&quot;:&quot;none&quot;}\" data-widget_type=\"text-editor.default\">\n\t\t\t\t\t\t\t\t\t<p>Andeas D\u00fcren<br \/>Theo Fischer<br \/>Peter Greim<br \/>Matthias Meyen<br \/>Horst-Peter Michels<br \/>Rudolf M\u00fchlenstein<br \/>Manfred Niessen<br \/>Hans Schaefer<br \/>Alfred Steffes<br \/>Albert Wichterich<\/p>\t\t\t\t\t\t\t\t<\/div>\n\t\t\t\t<\/div>\n\t\t\t\t<\/div>\n\t\t\t\t<\/div>\n\t\t\t\t\t<\/div>\n\t\t\t\t<\/div>\n\t\t\t\t\t<\/div>\n\t\t\t\t<\/div>\n\t\t<div class=\"elementor-element elementor-element-341b3a4 e-con-full e-flex e-con e-child\" data-id=\"341b3a4\" data-element_type=\"container\" data-e-type=\"container\" data-settings=\"{&quot;background_background&quot;:&quot;classic&quot;}\">\n\t\t<div class=\"elementor-element elementor-element-ad31ce5 e-con-full e-flex e-con e-child\" data-id=\"ad31ce5\" data-element_type=\"container\" data-e-type=\"container\">\n\t\t\t\t<div class=\"elementor-element elementor-element-b1089be at-heading-animation at-animation-heading-style-3 elementor-widget elementor-widget-heading\" data-id=\"b1089be\" data-element_type=\"widget\" data-e-type=\"widget\" data-settings=\"{&quot;ekit_we_effect_on&quot;:&quot;none&quot;}\" data-widget_type=\"heading.default\">\n\t\t\t\t\t<h2 class=\"elementor-heading-title elementor-size-default\">Lichterorden<\/h2>\t\t\t\t<\/div>\n\t\t\t\t<div class=\"elementor-element elementor-element-fdbda79 at-heading-animation at-animation-heading-none elementor-widget elementor-widget-heading\" data-id=\"fdbda79\" data-element_type=\"widget\" data-e-type=\"widget\" data-settings=\"{&quot;ekit_we_effect_on&quot;:&quot;none&quot;}\" data-widget_type=\"heading.default\">\n\t\t\t\t\t<h2 class=\"elementor-heading-title elementor-size-default\">Geschichte der Lichterorden<\/h2>\t\t\t\t<\/div>\n\t\t\t\t<div class=\"elementor-element elementor-element-4e29c36 elementor-widget elementor-widget-text-editor\" data-id=\"4e29c36\" data-element_type=\"widget\" data-e-type=\"widget\" data-settings=\"{&quot;ekit_we_effect_on&quot;:&quot;none&quot;}\" data-widget_type=\"text-editor.default\">\n\t\t\t\t\t\t\t\t\t<div class=\"docx-wrapper\"><section class=\"docx\"><article><p>Lichterorden der Euskirchener Narrenzunft 1949 e.V.<\/p><p>Im Jahre 1963 wurde die Stiftung des Lichterordens von Ferdinand Wichterich gegr\u00fcndet.<\/p><p>Die Familie Wichterich h\u00e4lt die Stiftung in dritter Generation durch Thomas Wichterich aufrecht.<\/p><p>Der Lichterorden wird jedes Jahr im Januar im Rahmen unserer Veranstaltung \u201eAbend in Rot und Gold\u201c verliehen.<\/p><p>Verliehen wird der Orden an einen verdienten Karnevalist, welcher jedes Jahr vom Vorstand und dem Senatspr\u00e4sident der Euskirchener Narrenzunft 1949 e.V. sowie durch Thomas Wichterich ausgew\u00e4hlt wird. M\u00f6glichst wird es geheim gehalten bis zur letzten Minute. Erst mit der Laudatio wird der Name bekannt gegeben.<\/p><p>Karneval lebt vom Ehrenamt, von Gemeinschaft und von Menschen, die sich f\u00fcr den Brauchtum und die Tradition des Karnevals einsetzen.<\/p><\/article><\/section><\/div>\t\t\t\t\t\t\t\t<\/div>\n\t\t\t\t<\/div>\n\t\t\t\t<\/div>\n\t\t<div class=\"elementor-element elementor-element-2f158ee e-flex e-con-boxed e-con e-child\" data-id=\"2f158ee\" data-element_type=\"container\" data-e-type=\"container\" data-settings=\"{&quot;background_background&quot;:&quot;classic&quot;}\">\n\t\t\t\t\t<div class=\"e-con-inner\">\n\t\t<div class=\"elementor-element elementor-element-3960f95 e-con-full e-flex e-con e-child\" data-id=\"3960f95\" data-element_type=\"container\" data-e-type=\"container\">\n\t\t\t\t<div class=\"elementor-element elementor-element-86e06ee at-heading-animation at-animation-heading-style-3 elementor-widget elementor-widget-heading\" data-id=\"86e06ee\" data-element_type=\"widget\" data-e-type=\"widget\" data-settings=\"{&quot;ekit_we_effect_on&quot;:&quot;none&quot;}\" data-widget_type=\"heading.default\">\n\t\t\t\t\t<h2 class=\"elementor-heading-title elementor-size-default\">Lichterorden 2026<\/h2>\t\t\t\t<\/div>\n\t\t<div class=\"elementor-element elementor-element-1cdb8da e-con-full e-flex e-con e-child\" data-id=\"1cdb8da\" data-element_type=\"container\" data-e-type=\"container\">\n\t\t\t\t<div class=\"elementor-element elementor-element-0c8d39c elementor-widget__width-initial elementor-widget elementor-widget-ucaddon_uc_carousel_image\" data-id=\"0c8d39c\" data-element_type=\"widget\" data-e-type=\"widget\" data-settings=\"{&quot;ekit_we_effect_on&quot;:&quot;none&quot;}\" data-widget_type=\"ucaddon_uc_carousel_image.default\">\n\t\t\t\t<div class=\"elementor-widget-container\">\n\t\t\t\t\t\n<!-- start Carousel Gallery -->\n\t\t<link id='font-awesome-css' href='https:\/\/eunz.de\/wp-content\/plugins\/unlimited-elements-for-elementor\/assets_libraries\/font-awesome6\/fontawesome-all.min.css' type='text\/css' rel='stylesheet' >\n\t\t<link id='font-awesome-4-shim-css' href='https:\/\/eunz.de\/wp-content\/plugins\/unlimited-elements-for-elementor\/assets_libraries\/font-awesome6\/fontawesome-v4-shims.min.css' type='text\/css' rel='stylesheet' >\n\t\t<link id='unitegallery-css' href='https:\/\/eunz.de\/wp-content\/plugins\/unlimited-elements-for-elementor\/assets_libraries\/unitegallery\/css\/unite-gallery.css' type='text\/css' rel='stylesheet' >\n\n<style>\/* widget: Carousel Gallery *\/\n\n#uc_uc_carousel_image_elementor_0c8d39c-wrapper{\n  min-height: 1px;\n}\n\n#uc_uc_carousel_image_elementor_0c8d39c{  \n  margin:0 auto;\n  direction:;\n  display: none;  \n}\n\n\n#uc_uc_carousel_image_elementor_0c8d39c .ug-button-tile-play .ug-button-tile-pause-icon{\n  display: none;\n}\n\n#uc_uc_carousel_image_elementor_0c8d39c .ug-pause-icon .ug-button-tile-pause-icon{\n  display: flex !important;\n}\n\n<\/style>\n\n<div id=\"uc_uc_carousel_image_elementor_0c8d39c-wrapper\">\n  <div id=\"uc_uc_carousel_image_elementor_0c8d39c\" class=\"uc-items-wrapper\" data-custom-sethtml=\"true\" >\n    \n<img decoding=\"async\" alt=\"Bild 1\"\n   src=\"https:\/\/eunz.de\/wp-content\/uploads\/2026\/01\/Bild-1-768x1024.jpg\"\n    data-image=\"https:\/\/eunz.de\/wp-content\/uploads\/2026\/01\/Bild-1-768x1024.jpg\"\n    data-title=\"Bild 1\">\n\n<img decoding=\"async\" alt=\"Bild 2\"\n   src=\"https:\/\/eunz.de\/wp-content\/uploads\/2026\/01\/Bild-2-1-768x1024.jpeg\"\n    data-image=\"https:\/\/eunz.de\/wp-content\/uploads\/2026\/01\/Bild-2-1-768x1024.jpeg\"\n    data-title=\"Bild 2\">\n\n<img decoding=\"async\" alt=\"Bild 3\"\n   src=\"https:\/\/eunz.de\/wp-content\/uploads\/2026\/01\/Bild-3-1-768x1024.jpeg\"\n    data-image=\"https:\/\/eunz.de\/wp-content\/uploads\/2026\/01\/Bild-3-1-768x1024.jpeg\"\n    data-title=\"Bild 3\">\n\n<img decoding=\"async\" alt=\"Bild 4\"\n   src=\"https:\/\/eunz.de\/wp-content\/uploads\/2026\/01\/Bild-4-768x1024.jpeg\"\n    data-image=\"https:\/\/eunz.de\/wp-content\/uploads\/2026\/01\/Bild-4-768x1024.jpeg\"\n    data-title=\"Bild 4\">\n\n<img decoding=\"async\" alt=\"Bild 5\"\n   src=\"https:\/\/eunz.de\/wp-content\/uploads\/2026\/01\/Bild-5-1-768x576.jpeg\"\n    data-image=\"https:\/\/eunz.de\/wp-content\/uploads\/2026\/01\/Bild-5-1-1024x768.jpeg\"\n    data-title=\"Bild 5\">\n  \n  <\/div>\n<\/div>\n<!-- end Carousel Gallery -->\t\t\t\t<\/div>\n\t\t\t\t<\/div>\n\t\t\t\t<div class=\"elementor-element elementor-element-492d94d elementor-widget elementor-widget-fswp-text-unfold\" data-id=\"492d94d\" data-element_type=\"widget\" data-e-type=\"widget\" data-settings=\"{&quot;ekit_we_effect_on&quot;:&quot;none&quot;}\" data-widget_type=\"fswp-text-unfold.default\">\n\t\t\t\t<div class=\"elementor-widget-container\">\n\t\t\t\t\t        <div class=\"fswp-elt--read-more-main-wrapper\">\n                    <div class=\"fswp-elt--read-more-content-wrapper\">\n                            <div class=\"fswp-elt--read-more-content\">\n                    <p>Am 24.01.2026 fand unser \u201eAbend in Rot und Gold\u201c im Welcome Parkhotel Euskirchen statt.<\/p><p>In diesem Rahmen wir wieder der Lichterorden verliehen.<\/p><p>Nachdem Dank an die Familie Wichterich durch den Pr\u00e4sidenten Hajo Schneider, wurde die Laudatio durch ihn verlesen:<\/p><p>\u201eLichterorden 2026<\/p><p>Der Versuch es geheim zu halten ist, glaube ich, bis heute gelungen. So viel kann ich schon verraten, es ist in diesem Jahr ein Lichterordentr\u00e4ger. Ob er Gelb, Rot, Blau oder Gr\u00fcn tr\u00e4gt, oder auch eine andere Farbe werdet Ihr vielleicht in den n\u00e4chsten S\u00e4tzen herausfinden k\u00f6nnen.<\/p><p>Unser neuer Tr\u00e4ger des Lichterordens wurde im Jahr 1965 geboren. Ludwig Dahmen aus der Prinzengarde war der 20. Prinz der Stadt Euskirchen mit dem Beinamen \u201evom H\u00fcttenkonzern\u201c. Der Bundeskanzler Ludwig Erhard wurde im September wiedergew\u00e4hlt.<\/p><p>Dir Rolling Stone sorgten in West-Berlin bei einem Konzert mit Ihrem Hit \u201eLett Kiss\u201c f\u00fcr Krawalle.<\/p><p>Im Geburtsmonat unserem neuen Tr\u00e4ger begann man den Karneval 1965\/66 auszurufen. Jetzt wissen wir also der neue Tr\u00e4ger des Lichterordens 2026 wurde im November 1965 geboren.<\/p><p>Ich k\u00f6nnte jetzt noch lange \u00fcber die Ereignisse in Euskirchen und der Welt reden, aber das w\u00e4re ziemlich lang und w\u00e4re zu viel f\u00fcr den Abend, auch \u00fcber den neuen Tr\u00e4ger des Ordens l\u00e4sst sich einiges Berichten, denn ich habe viele Stunden, ja Tage mit Ihm den Karneval gefeiert und viel Spa\u00df gehabt. Als ehemaliger Vizepr\u00e4sident des FeuKa habe ich Ihn kennen und sch\u00e4tzen gelernt. Nun wissen wir der neue Tr\u00e4ger kommt aus dem FeuKa und tr\u00e4gt Schwarz.<\/p><p>Deshalb komme ich nun zum wesentlichen des neuen Ordenstr\u00e4ger des Lichterordens 2026.<\/p><p>Er ist in Wesseling geboren. Seit 1997 verheiratet und hat eine Tochter. Im Jahr 2003 ist er nach Euskirchen gezogen und das war f\u00fcr unseren Karneval sehr gut. Im Jahr 2007 spontan von Jochen Esselborn im Rosenmontagszug eingesetzt.<\/p><p>Von 2007 bis 2009 Stellvertretender Zugleiter vom Kinderzug.<\/p><p>2009 bis 2015 Zugleiter Kinderzug<\/p><p>2012 bis 2025 verantwortlich f\u00fcr die Audienz am Hofe seiner Tollit\u00e4t. Dieses Amt hat er 2025 an seine Tochter \u00fcbergeben.<\/p><p>2023 und 2024 Zugleiter Rosenmontagszug<\/p><p>Seit 2024 Prinzenf\u00fchrer seiner Tollit\u00e4ten<\/p><p>Im der Session 2018\/19 war er im Dreigestirn die Jungfrau Michaela.<\/p><p>Der Lichterorden 2026 geht an<\/p><p>Michael Fischenich\u201c<\/p>                <\/div>\n                                    <a class=\"fswp-elt--read-more more hide-icon\"\n                        data-height=\"452\"\n                        data-more=\"&gt;mehr lesen\"\n                        data-less=\"&gt;weniger lesen\">\n                        <span class=\"fswp-elt--read-more-text\">\n                            &gt;mehr lesen                        <\/span>\n                                                                    <\/a>\n                    <\/div><!--read-more-content-wrapper-->\n        <\/div>\n    \t\t\t\t<\/div>\n\t\t\t\t<\/div>\n\t\t\t\t<\/div>\n\t\t\t\t<\/div>\n\t\t\t\t\t<\/div>\n\t\t\t\t<\/div>\n\t\t<div class=\"elementor-element elementor-element-ffc018d e-con-full e-flex e-con e-child\" data-id=\"ffc018d\" data-element_type=\"container\" data-e-type=\"container\" data-settings=\"{&quot;background_background&quot;:&quot;classic&quot;}\">\n\t\t<div class=\"elementor-element elementor-element-4309ea9 e-con-full e-flex e-con e-child\" data-id=\"4309ea9\" data-element_type=\"container\" data-e-type=\"container\">\n\t\t\t\t<div class=\"elementor-element elementor-element-d3abe01 at-heading-animation at-animation-heading-style-3 elementor-widget elementor-widget-heading\" data-id=\"d3abe01\" data-element_type=\"widget\" data-e-type=\"widget\" data-settings=\"{&quot;ekit_we_effect_on&quot;:&quot;none&quot;}\" data-widget_type=\"heading.default\">\n\t\t\t\t\t<h2 class=\"elementor-heading-title elementor-size-default\">Lichterorden Ordentr\u00e4ger<\/h2>\t\t\t\t<\/div>\n\t\t\t\t<div class=\"elementor-element elementor-element-0a3b610 elementor-widget elementor-widget-text-editor\" data-id=\"0a3b610\" data-element_type=\"widget\" data-e-type=\"widget\" data-settings=\"{&quot;ekit_we_effect_on&quot;:&quot;none&quot;}\" data-widget_type=\"text-editor.default\">\n\t\t\t\t\t\t\t\t\t<div class=\"docx-wrapper\"><section class=\"docx\"><article>2026 Michael Fischenich<\/article><article>2025 Joachim van Laak<\/article><article>2024 Michael Neugebauer<\/article><article>2023 Robert Esser<\/article><article>2022 Guido Esser<\/article><article>&#8230;<\/article><\/section><\/div>\t\t\t\t\t\t\t\t<\/div>\n\t\t\t\t<\/div>\n\t\t\t\t<\/div>\n\t\t\t\t<\/div>\n\t\t","protected":false},"excerpt":{"rendered":"<p>Senat Senat Der Senat ist heute eine stabile Gr\u00f6\u00dfe im Gef\u00fcge der [&hellip;]<\/p>\n","protected":false},"author":1,"featured_media":0,"parent":2023,"menu_order":0,"comment_status":"closed","ping_status":"closed","template":"elementor_header_footer","meta":{"footnotes":""},"class_list":["post-11366","page","type-page","status-publish","hentry"],"_links":{"self":[{"href":"https:\/\/eunz.de\/index.php?rest_route=\/wp\/v2\/pages\/11366","targetHints":{"allow":["GET"]}}],"collection":[{"href":"https:\/\/eunz.de\/index.php?rest_route=\/wp\/v2\/pages"}],"about":[{"href":"https:\/\/eunz.de\/index.php?rest_route=\/wp\/v2\/types\/page"}],"author":[{"embeddable":true,"href":"https:\/\/eunz.de\/index.php?rest_route=\/wp\/v2\/users\/1"}],"replies":[{"embeddable":true,"href":"https:\/\/eunz.de\/index.php?rest_route=%2Fwp%2Fv2%2Fcomments&post=11366"}],"version-history":[{"count":58,"href":"https:\/\/eunz.de\/index.php?rest_route=\/wp\/v2\/pages\/11366\/revisions"}],"predecessor-version":[{"id":12536,"href":"https:\/\/eunz.de\/index.php?rest_route=\/wp\/v2\/pages\/11366\/revisions\/12536"}],"up":[{"embeddable":true,"href":"https:\/\/eunz.de\/index.php?rest_route=\/wp\/v2\/pages\/2023"}],"wp:attachment":[{"href":"https:\/\/eunz.de\/index.php?rest_route=%2Fwp%2Fv2%2Fmedia&parent=11366"}],"curies":[{"name":"wp","href":"https:\/\/api.w.org\/{rel}","templated":true}]}}